e
Is 1195543 prime?
True
Is 188678618 a prime number?
False
Is 19878191 prime?
True
Is 76462 prime?
False
Is 120832669 composite?
False
Is 169157951 prime?
True
Is 3500053 a prime number?
False
Is 86568019 a composite number?
False
Is 958007 prime?
True
Is 448429097 a composite number?
False
Is 5123743 composite?
False
Is 3128557 composite?
True
Is 14438131 a composite number?
False
Is 86284553 a composite number?
False
Is 107278433 composite?
False
Is 85293023 a prime number?
True
Is 6972197 prime?
False
Is 49334759 a prime number?
True
Is 879434321 a prime number?
True
Is 4853015 a prime number?
False
Is 50590277 prime?
False
Is 196226587 composite?
True
Is 7067083 composite?
True
Is 4548259 a composite number?
False
Is 1486111 a composite number?
True
Is 5120461 composite?
False
Is 6357797 a prime number?
False
Is 20728573 prime?
False
Is 104272283 composite?
False
Is 2871119 a composite number?
False
Is 239437574 composite?
True
Is 4723529 prime?
False
Is 4558319 a composite number?
False
Is 88915997 composite?
True
Is 4643231 a prime number?
True
Is 10413971 a prime number?
True
Is 15624187 a composite number?
True
Is 5450903 a prime number?
True
Is 13402469 a prime number?
True
Is 4784411 a composite number?
False
Is 24892037 a composite number?
False
Is 14871943 a prime number?
False
Is 120338849 composite?
False
Is 6270419 a composite number?
False
Is 5364301 composite?
False
Is 96240331 a prime number?
False
Is 211229 a prime number?
True
Is 13631063 a prime number?
False
Is 11561159 a composite number?
False
Is 6585941 a prime number?
True
Is 170566651 a composite number?
False
Is 31631829 composite?
True
Is 4362419 composite?
True
Is 7449985 composite?
True
Is 289231249 a composite number?
True
Is 3604417 a composite number?
False
Is 375218353 prime?
True
Is 761079389 prime?
False
Is 6143693 a composite number?
False
Is 3228493 composite?
True
Is 4531271 a prime number?
True
Is 5328091 prime?
False
Is 435197 a prime number?
False
Is 4227715807 composite?
True
Is 13491433 prime?
True
Is 227011961 a prime number?
False
Is 127399 composite?
False
Is 445307 a prime number?
True
Is 297910999 a composite number?
False
Is 114522341 prime?
True
Is 403369 a composite number?
False
Is 13878691 a composite number?
False
Is 42260969 composite?
True
Is 22896359 a prime number?
False
Is 2139691 a prime number?
True
Is 4873303 composite?
False
Is 48393421 prime?
True
Is 362515 a composite number?
True
Is 15726079 composite?
False
Is 11637151 a composite number?
False
Is 331714 a composite number?
True
Is 547266583 prime?
True
Is 55032253 composite?
True
Is 473653 prime?
False
Is 199235779 a prime number?
True
Is 34026437 a prime number?
False
Is 132589577 a prime number?
True
Is 1444411 prime?
True
Is 74828581 prime?
False
Is 1626149 a composite number?
True
Is 27811933 a composite number?
False
Is 26130623 prime?
True
Is 48122011 composite?
True
Is 31338991 a prime number?
True
Is 405986491 a prime number?
True
Is 3277159 a prime number?
False
Is 168381527 composite?
False
Is 7642901 prime?
False
Is 8578417 prime?
True
Is 487283 a composite number?
False
Is 54269 prime?
True
Is 429034367 prime?
True
Is 12665869 a prime number?
True
Is 6070223 a composite number?
False
Is 22472951 a prime number?
True
Is 55058489 prime?
True
Is 45737889 prime?
False
Is 62783111 a prime number?
False
Is 1619219 composite?
True
Is 601937 prime?
False
Is 11256871 prime?
False
Is 1186207 a composite number?
True
Is 363733507 a composite number?
False
Is 116179541 a prime number?
False
Is 5867443 composite?
False
Is 466122911 a prime number?
False
Is 1611917 prime?
True
Is 38866117 composite?
False
Is 90184943 a composite number?
False
Is 10344437 composite?
False
Is 124121999 prime?
True
Is 324900113 composite?
True
Is 16019903 composite?
True
Is 59336593 composite?
False
Is 258157 composite?
False
Is 2976151 composite?
False
Is 109744211 prime?
False
Is 2540941 a composite number?
True
Is 284969294 a prime number?
False
Is 2283301 a composite number?
False
Is 63731497 prime?
True
Is 1764431 composite?
False
Is 2585273 prime?
False
Is 9375229 prime?
False
Is 17037439 a composite number?
True
Is 4210069 composite?
False
Is 354723177 prime?
False
Is 13611199 a prime number?
False
Is 8692703 composite?
False
Is 2376015349 composite?
False
Is 34423401 composite?
True
Is 34777037 a composite number?
False
Is 14938687 a composite number?
False
Is 3346151 a composite number?
False
Is 11514367 prime?
True
Is 384101 a composite number?
True
Is 1107341 a prime number?
True
Is 1898741 prime?
False
Is 392479 a composite number?
True
Is 4861139 a prime number?
True
Is 208783547 a prime number?
False
Is 2860931 composite?
False
Is 567509 prime?
False
Is 969637 composite?
False
Is 6537785 a composite number?
True
Is 5985067 a composite number?
True
Is 87931 a prime number?
True
Is 9348413 a composite number?
False
Is 8714669 prime?
True
Is 72521773 a composite number?
True
Is 2278121 a prime number?
True
Is 496439 prime?
True
Is 14689499 prime?
False
Is 255583361 a composite number?
True
Is 17406019 prime?
True
Is 125982023 prime?
False
Is 601029391 a prime number?
False
Is 13055069 a composite number?
False
Is 3362965 composite?
True
Is 32284001 composite?
True
Is 2561177 a composite number?
True
Is 1639577 a composite number?
False
Is 288622727 prime?
True
Is 23759763 composite?
True
Is 23944297 a prime number?
False
Is 7488917 prime?
False
Is 4762403 prime?
False
Is 1460651 a prime number?
True
Is 1445491 prime?
False
Is 117984277 a composite number?
False
Is 613653181 a composite number?
False
Is 11086951 a prime number?
True
Is 34787261 prime?
False
Is 46413167 prime?
True
Is 25551311 composite?
True
Is 5983489 composite?
False
Is 7609957 composite?
False
Is 465373 composite?
False
Is 42992657 a prime number?
True
Is 10402199 a composite number?
False
Is 16739713 a prime number?
False
Is 57737269 prime?
True
Is 21644407 prime?
True
Is 443510101 a prime number?
True
Is 21138179 a prime number?
True
Is 933501737 a composite number?
True
Is 2223953 a composite number?
True
Is 57217 a prime number?
False
Is 20807 a composite number?
False
Is 17963647 composite?
True
Is 391843 prime?
False
Is 25137857 a prime number?
False
Is 8252999 prime?
False
Is 486781 prime?
True
Is 4849885 a prime number?
False
Is 6001789 a composite number?
False
Is 25646119 prime?
True
Is 4368577 a prime number?
False
Is 81921779 a composite number?
False
Is 8089855 prime?
False
Is 4041289 a composite number?
True
Is 38532553 prime?
True
Is 221021 composite?
False
Is 1292660093 composite?
True
Is 520109 a prime number?
False
Is 15919993 composite?
True
Is 3266041 a prime number?
True
Is 32482507 a prime number?
True
Is 73327 composite?
False
Is 3519847 a prime number?
False
Is 968995 a prime number?
False
Is 686267 a prime number?
True
Is 13369639 composite?
False
Is 52218643 prime?
False
Is 106587053 prime?
True
Is 22384099 a prime number?
False
Is 178820437 composite?
False
Is 366377989 composite?
False
Is 110599309 a prime number?
True
Is 456834101 a prime number?
True
Is 17147357 a prime number?
True
Is 16368379 a composite number?
False
Is 150831881 composite?
False
Is 1716343 a prime number?
True
Is 79020127 composite?
False
Is 473912597 prime?
True
Is 5074717 a composite number?
True
Is 1542179 composite?
False
Is 896323 composite?
False
Is 2375099 a prime number?
False
Is 3717235 prime?
False
Is 8142727 prime?
True
Is 5000953 a prime number?
False
Is 3819814 prime?
False
Is 35146207 prime?
False
Is 724853959 composite?
False
Is 150941159 a prime number?
False
Is 25824521 a composite number?
False
Is 24894713 a composite number?
True
Is 728849309 a composite number?
False
Is 10140187 composite?
False
Is 51417239 a composite number?
True
Is 17572327 a prime number?
False
Is 119932789 composite?
True
Is 3755933 a prime number?
False
Is 77516365 prime?
False
Is 33804863 prime?
True
Is 35905861 composite?
False
Is 16218443 a composite number?
True
Is 10663273 composite?
False
Is 522056581 a composite number?
True
Is 3322171 composite?
False
Is 117064139 a composite number?
False
Is 18010313 prime?
True
Is 4456609 a prime number?
True
Is 70727885 composite?
True
Is 1160512367 prime?
False
Is 32022037 